{"id":4530,"date":"2026-01-26T14:46:59","date_gmt":"2026-01-26T14:46:59","guid":{"rendered":"https:\/\/elguacamaya.com.uy\/?post_type=product&#038;p=4530"},"modified":"2026-01-26T14:46:59","modified_gmt":"2026-01-26T14:46:59","slug":"eritritol-2","status":"publish","type":"product","link":"https:\/\/elguacamaya.com.uy\/index.php\/producto\/eritritol-2\/","title":{"rendered":"Eritritol"},"content":{"rendered":"<p>El eritritol hace que sea f\u00e1cil reducir el consumo de az\u00facar sin sacrificar el sabor.<\/p>\n<p>Y el eritritol es perfecto si est\u00e1s en una dieta baja en carbohidratos o Keto. \u00bfPor qu\u00e9? Ya que no eleva el nivel de az\u00facar en la sangre, no eleva la insulina y no te saca de la cetosis.<\/p>\n<p>Pero el eritritol no es s\u00f3lo para la gente de Keto. Es para personas conscientes de la salud y que anhelan la dulzura sin las consecuencias negativas del az\u00facar.<\/p>\n<p>De hecho, el consumo de eritritol parece tener consecuencias positivas.<\/p>\n<p><strong>Los beneficios de la salud del eritritol<\/strong><br \/>\n\u00bfPor qu\u00e9 elegir el eritritol como alternativa de az\u00facar preferida? M\u00e1s all\u00e1 del sabor dulce y fresco, considera estos beneficios para la salud.<\/p>\n<p>#1: el az\u00facar en la sangre y el control de la insulina<\/p>\n<p>#2: puede mejorar la funci\u00f3n de los vasos sangu\u00edneos<\/p>\n<p>#3: combate la placa dental<\/p>\n<p><strong>Puedes usar el eritritol en cualquier lugar donde uses az\u00facar<\/strong>.<\/p>\n","protected":false},"excerpt":{"rendered":"<p>El eritritol hace que sea f\u00e1cil reducir el consumo de az\u00facar sin sacrificar el sabor. Y el eritritol es perfecto si est\u00e1s en una dieta baja en carbohidratos o Keto. \u00bfPor qu\u00e9? Ya que no eleva el nivel de az\u00facar en la sangre, no eleva la insulina y no te saca de la cetosis. Pero &hellip;<\/p>\n<p class=\"read-more\"> <a class=\"\" href=\"https:\/\/elguacamaya.com.uy\/index.php\/producto\/eritritol-2\/\"> <span class=\"screen-reader-text\">Eritritol<\/span> Leer m\u00e1s &raquo;<\/a><\/p>\n","protected":false},"featured_media":4532,"template":"","meta":{"site-sidebar-layout":"default","site-content-layout":"default","ast-global-header-display":"","ast-banner-title-visibility":"","ast-main-header-display":"","ast-hfb-above-header-display":"","ast-hfb-below-header-display":"","ast-hfb-mobile-header-display":"","site-post-title":"","ast-breadcrumbs-content":"","ast-featured-img":"","footer-sml-layout":"","theme-transparent-header-meta":"default","adv-header-id-meta":"","stick-header-meta":"","header-above-stick-meta":"","header-main-stick-meta":"","header-below-stick-meta":"","_joinchat":[]},"product_brand":[],"product_cat":[54],"product_tag":[],"class_list":{"0":"post-4530","1":"product","2":"type-product","3":"status-publish","4":"has-post-thumbnail","6":"product_cat-productos-saludables-adu-acelu-y-organicos","7":"desktop-align-left","8":"tablet-align-left","9":"mobile-align-left","11":"first","12":"instock","13":"taxable","14":"shipping-taxable","15":"purchasable","16":"product-type-variable"},"_links":{"self":[{"href":"https:\/\/elguacamaya.com.uy\/index.php\/wp-json\/wp\/v2\/product\/4530","targetHints":{"allow":["GET"]}}],"collection":[{"href":"https:\/\/elguacamaya.com.uy\/index.php\/wp-json\/wp\/v2\/product"}],"about":[{"href":"https:\/\/elguacamaya.com.uy\/index.php\/wp-json\/wp\/v2\/types\/product"}],"version-history":[{"count":2,"href":"https:\/\/elguacamaya.com.uy\/index.php\/wp-json\/wp\/v2\/product\/4530\/revisions"}],"predecessor-version":[{"id":4537,"href":"https:\/\/elguacamaya.com.uy\/index.php\/wp-json\/wp\/v2\/product\/4530\/revisions\/4537"}],"wp:featuredmedia":[{"embeddable":true,"href":"https:\/\/elguacamaya.com.uy\/index.php\/wp-json\/wp\/v2\/media\/4532"}],"wp:attachment":[{"href":"https:\/\/elguacamaya.com.uy\/index.php\/wp-json\/wp\/v2\/media?parent=4530"}],"wp:term":[{"taxonomy":"product_brand","embeddable":true,"href":"https:\/\/elguacamaya.com.uy\/index.php\/wp-json\/wp\/v2\/product_brand?post=4530"},{"taxonomy":"product_cat","embeddable":true,"href":"https:\/\/elguacamaya.com.uy\/index.php\/wp-json\/wp\/v2\/product_cat?post=4530"},{"taxonomy":"product_tag","embeddable":true,"href":"https:\/\/elguacamaya.com.uy\/index.php\/wp-json\/wp\/v2\/product_tag?post=4530"}],"curies":[{"name":"wp","href":"https:\/\/api.w.org\/{rel}","templated":true}]}}