{"id":4368,"date":"2025-06-09T19:08:19","date_gmt":"2025-06-09T19:08:19","guid":{"rendered":"https:\/\/elguacamaya.com.uy\/?post_type=product&#038;p=4368"},"modified":"2026-03-02T19:35:49","modified_gmt":"2026-03-02T19:35:49","slug":"mejorador-de-harinas","status":"publish","type":"product","link":"https:\/\/elguacamaya.com.uy\/index.php\/producto\/mejorador-de-harinas\/","title":{"rendered":"Mejorador de Harinas"},"content":{"rendered":"<p><strong>Ultrapan Concentrado \u00ae<\/strong>\u00a0Es un mejorador de \u00faltima generaci\u00f3n. Se recomienda utilizarlo para fermentaciones largas y cortas y en diferentes tipos de pan: franc\u00e9s, molde, hamburguesas, etc. Destaca y potencia el aroma natural del pan, obteni\u00e9ndose una corteza fina y buena crocancia del producto final.<\/p>\n<p>-R\u00e1pida suavidad de la masa y una excelente tolerancia al trabajo mec\u00e1nico<br \/>\n-Permite que el desarrollo de los productos se produzca durante el horneado para que su volumen aumente progresivamente con una extrema firmeza.<br \/>\n-Alto nivel costo-efectividad.<\/p>\n<p>Dosis recomendada<br \/>\nAl 0,12% del peso en harina, es decir, 60 gramos cada 50 kilos de harina.<\/p>\n<p>Modo de empleo<br \/>\nSe incorpora a la harina al comienzo del amasado.<\/p>\n<p>Vida \u00fatil del prodcuto<br \/>\n1 a\u00f1o a partir de su fecha de elaboraci\u00f3n.<\/p>\n<p>Almacenamiento<br \/>\nEste producto conserva todas sus propiedades almacenado en un ambiente seco y fresco.<\/p>\n","protected":false},"excerpt":{"rendered":"<p>60gr<\/p>\n","protected":false},"featured_media":4371,"template":"","meta":{"site-sidebar-layout":"default","site-content-layout":"default","ast-global-header-display":"","ast-banner-title-visibility":"","ast-main-header-display":"","ast-hfb-above-header-display":"","ast-hfb-below-header-display":"","ast-hfb-mobile-header-display":"","site-post-title":"","ast-breadcrumbs-content":"","ast-featured-img":"","footer-sml-layout":"","theme-transparent-header-meta":"default","adv-header-id-meta":"","stick-header-meta":"","header-above-stick-meta":"","header-main-stick-meta":"","header-below-stick-meta":"","_joinchat":[]},"product_brand":[],"product_cat":[27],"product_tag":[],"class_list":{"0":"post-4368","1":"product","2":"type-product","3":"status-publish","4":"has-post-thumbnail","6":"product_cat-productos-de-panaderia","7":"desktop-align-left","8":"tablet-align-left","9":"mobile-align-left","11":"first","12":"instock","13":"taxable","14":"shipping-taxable","15":"purchasable","16":"product-type-simple"},"_links":{"self":[{"href":"https:\/\/elguacamaya.com.uy\/index.php\/wp-json\/wp\/v2\/product\/4368","targetHints":{"allow":["GET"]}}],"collection":[{"href":"https:\/\/elguacamaya.com.uy\/index.php\/wp-json\/wp\/v2\/product"}],"about":[{"href":"https:\/\/elguacamaya.com.uy\/index.php\/wp-json\/wp\/v2\/types\/product"}],"version-history":[{"count":1,"href":"https:\/\/elguacamaya.com.uy\/index.php\/wp-json\/wp\/v2\/product\/4368\/revisions"}],"predecessor-version":[{"id":4370,"href":"https:\/\/elguacamaya.com.uy\/index.php\/wp-json\/wp\/v2\/product\/4368\/revisions\/4370"}],"wp:featuredmedia":[{"embeddable":true,"href":"https:\/\/elguacamaya.com.uy\/index.php\/wp-json\/wp\/v2\/media\/4371"}],"wp:attachment":[{"href":"https:\/\/elguacamaya.com.uy\/index.php\/wp-json\/wp\/v2\/media?parent=4368"}],"wp:term":[{"taxonomy":"product_brand","embeddable":true,"href":"https:\/\/elguacamaya.com.uy\/index.php\/wp-json\/wp\/v2\/product_brand?post=4368"},{"taxonomy":"product_cat","embeddable":true,"href":"https:\/\/elguacamaya.com.uy\/index.php\/wp-json\/wp\/v2\/product_cat?post=4368"},{"taxonomy":"product_tag","embeddable":true,"href":"https:\/\/elguacamaya.com.uy\/index.php\/wp-json\/wp\/v2\/product_tag?post=4368"}],"curies":[{"name":"wp","href":"https:\/\/api.w.org\/{rel}","templated":true}]}}