{"id":3350,"date":"2025-01-30T19:30:29","date_gmt":"2025-01-30T19:30:29","guid":{"rendered":"https:\/\/elguacamaya.com.uy\/?post_type=product&#038;p=3350"},"modified":"2025-05-26T21:31:17","modified_gmt":"2025-05-26T21:31:17","slug":"te-ceylan","status":"publish","type":"product","link":"https:\/\/elguacamaya.com.uy\/index.php\/producto\/te-ceylan\/","title":{"rendered":"T\u00e9 ceylan"},"content":{"rendered":"<div data-hveid=\"CCAQAQ\" data-ved=\"2ahUKEwj08OTWlZ6LAxU8J7kGHX_bCY8Qj7gIegQIIBAB\">\n<div class=\"dnXCYb\" role=\"button\" aria-controls=\"_l9GbZ7TJC7zO5OUP_7an-Ag_45\" aria-expanded=\"true\">\n<div class=\"JlqpRe\"><span class=\"JCzEY tNxQIb\"><span class=\"CSkcDe\">\u00bfQu\u00e9 es el t\u00e9 Ceylan?<\/span><\/span><\/div>\n<div class=\"p8Jhnd\">\n<div><\/div>\n<div class=\"aj35ze\"><span style=\"font-size: 16px\">El t\u00e9 Ceyl\u00e1n, tambi\u00e9n conocido como t\u00e9 negro de Ceil\u00e1n, es un <\/span>t\u00e9 de hoja entera com\u00fanmente cultivado y cosechado en Sri Lanka<span style=\"font-size: 16px\">. Este t\u00e9 ex\u00f3tico y arom\u00e1tico es famoso por su rico sabor y sus matices c\u00edtricos rojizos, que lo convierten en el favorito de los entusiastas del t\u00e9 de todo el mundo.<\/span><\/div>\n<\/div>\n<\/div>\n<\/div>\n","protected":false},"excerpt":{"rendered":"<p>\u00bfQu\u00e9 es el t\u00e9 Ceylan? El t\u00e9 Ceyl\u00e1n, tambi\u00e9n conocido como t\u00e9 negro de Ceil\u00e1n, es un t\u00e9 de hoja entera com\u00fanmente cultivado y cosechado en Sri Lanka. Este t\u00e9 ex\u00f3tico y arom\u00e1tico es famoso por su rico sabor y sus matices c\u00edtricos rojizos, que lo convierten en el favorito de los entusiastas del t\u00e9 &hellip;<\/p>\n<p class=\"read-more\"> <a class=\"\" href=\"https:\/\/elguacamaya.com.uy\/index.php\/producto\/te-ceylan\/\"> <span class=\"screen-reader-text\">T\u00e9 ceylan<\/span> Leer m\u00e1s &raquo;<\/a><\/p>\n","protected":false},"featured_media":3611,"template":"","meta":{"site-sidebar-layout":"default","site-content-layout":"default","ast-global-header-display":"","ast-banner-title-visibility":"","ast-main-header-display":"","ast-hfb-above-header-display":"","ast-hfb-below-header-display":"","ast-hfb-mobile-header-display":"","site-post-title":"","ast-breadcrumbs-content":"","ast-featured-img":"","footer-sml-layout":"","theme-transparent-header-meta":"default","adv-header-id-meta":"","stick-header-meta":"","header-above-stick-meta":"","header-main-stick-meta":"","header-below-stick-meta":"","_joinchat":[]},"product_brand":[],"product_cat":[22],"product_tag":[],"class_list":{"0":"post-3350","1":"product","2":"type-product","3":"status-publish","4":"has-post-thumbnail","6":"product_cat-sin-categorizar","7":"desktop-align-left","8":"tablet-align-left","9":"mobile-align-left","11":"first","12":"instock","13":"sale","14":"taxable","15":"shipping-taxable","16":"purchasable","17":"product-type-variable"},"_links":{"self":[{"href":"https:\/\/elguacamaya.com.uy\/index.php\/wp-json\/wp\/v2\/product\/3350","targetHints":{"allow":["GET"]}}],"collection":[{"href":"https:\/\/elguacamaya.com.uy\/index.php\/wp-json\/wp\/v2\/product"}],"about":[{"href":"https:\/\/elguacamaya.com.uy\/index.php\/wp-json\/wp\/v2\/types\/product"}],"version-history":[{"count":2,"href":"https:\/\/elguacamaya.com.uy\/index.php\/wp-json\/wp\/v2\/product\/3350\/revisions"}],"predecessor-version":[{"id":4321,"href":"https:\/\/elguacamaya.com.uy\/index.php\/wp-json\/wp\/v2\/product\/3350\/revisions\/4321"}],"wp:featuredmedia":[{"embeddable":true,"href":"https:\/\/elguacamaya.com.uy\/index.php\/wp-json\/wp\/v2\/media\/3611"}],"wp:attachment":[{"href":"https:\/\/elguacamaya.com.uy\/index.php\/wp-json\/wp\/v2\/media?parent=3350"}],"wp:term":[{"taxonomy":"product_brand","embeddable":true,"href":"https:\/\/elguacamaya.com.uy\/index.php\/wp-json\/wp\/v2\/product_brand?post=3350"},{"taxonomy":"product_cat","embeddable":true,"href":"https:\/\/elguacamaya.com.uy\/index.php\/wp-json\/wp\/v2\/product_cat?post=3350"},{"taxonomy":"product_tag","embeddable":true,"href":"https:\/\/elguacamaya.com.uy\/index.php\/wp-json\/wp\/v2\/product_tag?post=3350"}],"curies":[{"name":"wp","href":"https:\/\/api.w.org\/{rel}","templated":true}]}}