{"id":3205,"date":"2025-01-28T19:43:05","date_gmt":"2025-01-28T19:43:05","guid":{"rendered":"https:\/\/elguacamaya.com.uy\/?post_type=product&#038;p=3205"},"modified":"2025-03-20T12:42:17","modified_gmt":"2025-03-20T12:42:17","slug":"harina-de-arvejas","status":"publish","type":"product","link":"https:\/\/elguacamaya.com.uy\/index.php\/producto\/harina-de-arvejas\/","title":{"rendered":"Harina de arvejas"},"content":{"rendered":"<p>Conoce los usos de esta harina rica en minerales y f\u00f3sforo para incluirla en tus preparaciones saludables<\/p>\n<p>Baja en grasas y con alto contenido de fibras, la harina de arvejas es ideal para todo tipo de recetas saludables.<\/p>\n<p>Llena de beneficios nutricionales, la harina de arvejas tiene m\u00e1s utilidades de las que se pueden imaginar. Apta para brownies de chocolate, budines y otras masas o preparaciones, la harina de arvejas tiene la ventaja de ser m\u00e1s saludable que la harina de trigo.<\/p>\n<p>Es beneficiosa para la coagulaci\u00f3n de la sangre y todo lo que se vincule al proceso de fortalecimiento de los huesos.<\/p>\n<p>Su fibra colabora a prevenir el c\u00e1ncer de colon y facilita la correcta evacuaci\u00f3n, previniendo el estre\u00f1imiento.<\/p>\n<p>Contiene vitaminas A, B y C, y por su poder antioxidante es \u00fatil para proteger la retina de enfermedades de la vista como cataratas.<\/p>\n<p>Es exquisita para preparar pan, budines y bollos dulces o salados, ya que aporta ese sabor terroso y esponjoso a la vez, tan caracter\u00edstico de esta legumbre. La mezcla ideal es con harina de avena, pero se puede complementar con cualquier otra harina.<\/p>\n","protected":false},"excerpt":{"rendered":"<p>500gr<\/p>\n","protected":false},"featured_media":3636,"template":"","meta":{"site-sidebar-layout":"default","site-content-layout":"default","ast-global-header-display":"","ast-banner-title-visibility":"","ast-main-header-display":"","ast-hfb-above-header-display":"","ast-hfb-below-header-display":"","ast-hfb-mobile-header-display":"","site-post-title":"","ast-breadcrumbs-content":"","ast-featured-img":"","footer-sml-layout":"","theme-transparent-header-meta":"default","adv-header-id-meta":"","stick-header-meta":"","header-above-stick-meta":"","header-main-stick-meta":"","header-below-stick-meta":"","_joinchat":[]},"product_brand":[],"product_cat":[48],"product_tag":[],"class_list":{"0":"post-3205","1":"product","2":"type-product","3":"status-publish","4":"has-post-thumbnail","6":"product_cat-harinas","7":"desktop-align-left","8":"tablet-align-left","9":"mobile-align-left","11":"first","12":"instock","13":"taxable","14":"shipping-taxable","15":"purchasable","16":"product-type-simple"},"_links":{"self":[{"href":"https:\/\/elguacamaya.com.uy\/index.php\/wp-json\/wp\/v2\/product\/3205","targetHints":{"allow":["GET"]}}],"collection":[{"href":"https:\/\/elguacamaya.com.uy\/index.php\/wp-json\/wp\/v2\/product"}],"about":[{"href":"https:\/\/elguacamaya.com.uy\/index.php\/wp-json\/wp\/v2\/types\/product"}],"version-history":[{"count":1,"href":"https:\/\/elguacamaya.com.uy\/index.php\/wp-json\/wp\/v2\/product\/3205\/revisions"}],"predecessor-version":[{"id":3207,"href":"https:\/\/elguacamaya.com.uy\/index.php\/wp-json\/wp\/v2\/product\/3205\/revisions\/3207"}],"wp:featuredmedia":[{"embeddable":true,"href":"https:\/\/elguacamaya.com.uy\/index.php\/wp-json\/wp\/v2\/media\/3636"}],"wp:attachment":[{"href":"https:\/\/elguacamaya.com.uy\/index.php\/wp-json\/wp\/v2\/media?parent=3205"}],"wp:term":[{"taxonomy":"product_brand","embeddable":true,"href":"https:\/\/elguacamaya.com.uy\/index.php\/wp-json\/wp\/v2\/product_brand?post=3205"},{"taxonomy":"product_cat","embeddable":true,"href":"https:\/\/elguacamaya.com.uy\/index.php\/wp-json\/wp\/v2\/product_cat?post=3205"},{"taxonomy":"product_tag","embeddable":true,"href":"https:\/\/elguacamaya.com.uy\/index.php\/wp-json\/wp\/v2\/product_tag?post=3205"}],"curies":[{"name":"wp","href":"https:\/\/api.w.org\/{rel}","templated":true}]}}