{"id":3118,"date":"2025-01-27T13:58:12","date_gmt":"2025-01-27T13:58:12","guid":{"rendered":"https:\/\/elguacamaya.com.uy\/?post_type=product&#038;p=3118"},"modified":"2025-07-30T14:27:48","modified_gmt":"2025-07-30T14:27:48","slug":"mani-runner","status":"publish","type":"product","link":"https:\/\/elguacamaya.com.uy\/index.php\/producto\/mani-runner\/","title":{"rendered":"Man\u00ed runner"},"content":{"rendered":"<p>Este man\u00ed es uno de los m\u00e1s populares y cultivados en el mundo debido a su sabor y calidad. Es rico en prote\u00ednas, fibra y grasas saludables, lo que lo hace perfecto para picar entre comidas. El man\u00ed crudo Runner, es el man\u00ed crudo con cut\u00edcula: man\u00ed crudo sin c\u00e1scara pero que conserva esa piel roja que cubre al man\u00ed.<\/p>\n","protected":false},"excerpt":{"rendered":"<p>Este man\u00ed es uno de los m\u00e1s populares y cultivados en el mundo debido a su sabor y calidad. Es rico en prote\u00ednas, fibra y grasas saludables, lo que lo hace perfecto para picar entre comidas. El man\u00ed crudo Runner, es el man\u00ed crudo con cut\u00edcula: man\u00ed crudo sin c\u00e1scara pero que conserva esa piel &hellip;<\/p>\n<p class=\"read-more\"> <a class=\"\" href=\"https:\/\/elguacamaya.com.uy\/index.php\/producto\/mani-runner\/\"> <span class=\"screen-reader-text\">Man\u00ed runner<\/span> Leer m\u00e1s &raquo;<\/a><\/p>\n","protected":false},"featured_media":3121,"template":"","meta":{"site-sidebar-layout":"default","site-content-layout":"default","ast-global-header-display":"","ast-banner-title-visibility":"","ast-main-header-display":"","ast-hfb-above-header-display":"","ast-hfb-below-header-display":"","ast-hfb-mobile-header-display":"","site-post-title":"","ast-breadcrumbs-content":"","ast-featured-img":"","footer-sml-layout":"","theme-transparent-header-meta":"default","adv-header-id-meta":"","stick-header-meta":"","header-above-stick-meta":"","header-main-stick-meta":"","header-below-stick-meta":"","_joinchat":[]},"product_brand":[],"product_cat":[36],"product_tag":[],"class_list":{"0":"post-3118","1":"product","2":"type-product","3":"status-publish","4":"has-post-thumbnail","6":"product_cat-frutas-secos-y-deshidratados","7":"desktop-align-left","8":"tablet-align-left","9":"mobile-align-left","11":"first","12":"instock","13":"taxable","14":"shipping-taxable","15":"purchasable","16":"product-type-variable"},"_links":{"self":[{"href":"https:\/\/elguacamaya.com.uy\/index.php\/wp-json\/wp\/v2\/product\/3118","targetHints":{"allow":["GET"]}}],"collection":[{"href":"https:\/\/elguacamaya.com.uy\/index.php\/wp-json\/wp\/v2\/product"}],"about":[{"href":"https:\/\/elguacamaya.com.uy\/index.php\/wp-json\/wp\/v2\/types\/product"}],"version-history":[{"count":1,"href":"https:\/\/elguacamaya.com.uy\/index.php\/wp-json\/wp\/v2\/product\/3118\/revisions"}],"predecessor-version":[{"id":3122,"href":"https:\/\/elguacamaya.com.uy\/index.php\/wp-json\/wp\/v2\/product\/3118\/revisions\/3122"}],"wp:featuredmedia":[{"embeddable":true,"href":"https:\/\/elguacamaya.com.uy\/index.php\/wp-json\/wp\/v2\/media\/3121"}],"wp:attachment":[{"href":"https:\/\/elguacamaya.com.uy\/index.php\/wp-json\/wp\/v2\/media?parent=3118"}],"wp:term":[{"taxonomy":"product_brand","embeddable":true,"href":"https:\/\/elguacamaya.com.uy\/index.php\/wp-json\/wp\/v2\/product_brand?post=3118"},{"taxonomy":"product_cat","embeddable":true,"href":"https:\/\/elguacamaya.com.uy\/index.php\/wp-json\/wp\/v2\/product_cat?post=3118"},{"taxonomy":"product_tag","embeddable":true,"href":"https:\/\/elguacamaya.com.uy\/index.php\/wp-json\/wp\/v2\/product_tag?post=3118"}],"curies":[{"name":"wp","href":"https:\/\/api.w.org\/{rel}","templated":true}]}}