{"id":3007,"date":"2025-01-24T18:11:23","date_gmt":"2025-01-24T18:11:23","guid":{"rendered":"https:\/\/elguacamaya.com.uy\/?post_type=product&#038;p=3007"},"modified":"2025-06-04T18:13:45","modified_gmt":"2025-06-04T18:13:45","slug":"alpiste","status":"publish","type":"product","link":"https:\/\/elguacamaya.com.uy\/index.php\/producto\/alpiste\/","title":{"rendered":"Alpiste"},"content":{"rendered":"<p>Aunque es m\u00e1s com\u00fanmente utilizada como alimento para p\u00e1jaros, el alpiste tambi\u00e9n es consumido por humanos \u2014en sus versiones aptas para su consumo\u2014 debido a sus numerosos beneficios para la salud, en el campo del bienestar \u00f3seo, muscular y gastrointestinal, adem\u00e1s de la salud cardiovascular.<\/p>\n<p><strong>\u00bfQu\u00e9 beneficios tiene el alpiste para los humanos?<\/strong><br \/>\nPropiedades antioxidantes: el alpiste es rico en antioxidantes, como la vitamina E, que ayudan a combatir el estr\u00e9s oxidativo y reducir el da\u00f1o celular, lo que puede contribuir a una piel m\u00e1s saludable y prevenir enfermedades relacionadas con el envejecimiento.<\/p>\n","protected":false},"excerpt":{"rendered":"<p>Aunque es m\u00e1s com\u00fanmente utilizada como alimento para p\u00e1jaros, el alpiste tambi\u00e9n es consumido por humanos \u2014en sus versiones aptas para su consumo\u2014 debido a sus numerosos beneficios para la salud, en el campo del bienestar \u00f3seo, muscular y gastrointestinal, adem\u00e1s de la salud cardiovascular. \u00bfQu\u00e9 beneficios tiene el alpiste para los humanos? Propiedades antioxidantes: &hellip;<\/p>\n<p class=\"read-more\"> <a class=\"\" href=\"https:\/\/elguacamaya.com.uy\/index.php\/producto\/alpiste\/\"> <span class=\"screen-reader-text\">Alpiste<\/span> Leer m\u00e1s &raquo;<\/a><\/p>\n","protected":false},"featured_media":3660,"template":"","meta":{"site-sidebar-layout":"default","site-content-layout":"default","ast-global-header-display":"","ast-banner-title-visibility":"","ast-main-header-display":"","ast-hfb-above-header-display":"","ast-hfb-below-header-display":"","ast-hfb-mobile-header-display":"","site-post-title":"","ast-breadcrumbs-content":"","ast-featured-img":"","footer-sml-layout":"","theme-transparent-header-meta":"default","adv-header-id-meta":"","stick-header-meta":"","header-above-stick-meta":"","header-main-stick-meta":"","header-below-stick-meta":"","_joinchat":[]},"product_brand":[],"product_cat":[26],"product_tag":[],"class_list":{"0":"post-3007","1":"product","2":"type-product","3":"status-publish","4":"has-post-thumbnail","6":"product_cat-cereales-granos-y-semillas","7":"desktop-align-left","8":"tablet-align-left","9":"mobile-align-left","11":"first","12":"instock","13":"taxable","14":"shipping-taxable","15":"purchasable","16":"product-type-variable"},"_links":{"self":[{"href":"https:\/\/elguacamaya.com.uy\/index.php\/wp-json\/wp\/v2\/product\/3007","targetHints":{"allow":["GET"]}}],"collection":[{"href":"https:\/\/elguacamaya.com.uy\/index.php\/wp-json\/wp\/v2\/product"}],"about":[{"href":"https:\/\/elguacamaya.com.uy\/index.php\/wp-json\/wp\/v2\/types\/product"}],"version-history":[{"count":1,"href":"https:\/\/elguacamaya.com.uy\/index.php\/wp-json\/wp\/v2\/product\/3007\/revisions"}],"predecessor-version":[{"id":3012,"href":"https:\/\/elguacamaya.com.uy\/index.php\/wp-json\/wp\/v2\/product\/3007\/revisions\/3012"}],"wp:featuredmedia":[{"embeddable":true,"href":"https:\/\/elguacamaya.com.uy\/index.php\/wp-json\/wp\/v2\/media\/3660"}],"wp:attachment":[{"href":"https:\/\/elguacamaya.com.uy\/index.php\/wp-json\/wp\/v2\/media?parent=3007"}],"wp:term":[{"taxonomy":"product_brand","embeddable":true,"href":"https:\/\/elguacamaya.com.uy\/index.php\/wp-json\/wp\/v2\/product_brand?post=3007"},{"taxonomy":"product_cat","embeddable":true,"href":"https:\/\/elguacamaya.com.uy\/index.php\/wp-json\/wp\/v2\/product_cat?post=3007"},{"taxonomy":"product_tag","embeddable":true,"href":"https:\/\/elguacamaya.com.uy\/index.php\/wp-json\/wp\/v2\/product_tag?post=3007"}],"curies":[{"name":"wp","href":"https:\/\/api.w.org\/{rel}","templated":true}]}}