{"id":2927,"date":"2025-01-23T20:05:40","date_gmt":"2025-01-23T20:05:40","guid":{"rendered":"https:\/\/elguacamaya.com.uy\/?post_type=product&#038;p=2927"},"modified":"2025-02-18T20:35:55","modified_gmt":"2025-02-18T20:35:55","slug":"albahaca","status":"publish","type":"product","link":"https:\/\/elguacamaya.com.uy\/index.php\/producto\/albahaca\/","title":{"rendered":"Albahaca"},"content":{"rendered":"<p>La albahaca sirve para tratar gripes, resfriados y bronquitis,\u00a0combatir la ansiedad, la depresi\u00f3n y el insomnio,\u00a0prevenir y tratar la tensi\u00f3n alta,\u00a0regular los niveles de az\u00facar en la sangre,\u00a0aliviar la migra\u00f1a, ayudar en la p\u00e9rdida de peso, entre otros, debido a que es una hierba arom\u00e1tica rica en aceites esenciales, como el geraniol, eugenol y linalool, y adem\u00e1s posee\u00a0buenas cantidades de taninos, saponinas y flavonoides.<\/p>\n<div class=\"sticky-ad-wrapper\"><\/div>\n<p>Esta planta cuenta con propiedades antiespasm\u00f3dicas, digestivas, diur\u00e9ticas, sedantes y antioxidantes, y es conocida cient\u00edficamente\u00a0como\u00a0<em>Ocimum basilicum<\/em><\/p>\n<p>Las hojas frescas o deshidratadas de albahaca se pueden emplear en la elaboraci\u00f3n de platos como salsas, ensaladas o jugos. Asimismo, las hojas de la albahaca tambi\u00e9n son usadas en forma de t\u00e9s, ba\u00f1os, cataplasmas y aceites esenciales.<\/p>\n","protected":false},"excerpt":{"rendered":"<p>La albahaca sirve para tratar gripes, resfriados y bronquitis,\u00a0combatir la ansiedad, la depresi\u00f3n y el insomnio,\u00a0prevenir y tratar la tensi\u00f3n alta,\u00a0regular los niveles de az\u00facar en la sangre,\u00a0aliviar la migra\u00f1a, ayudar en la p\u00e9rdida de peso, entre otros, debido a que es una hierba arom\u00e1tica rica en aceites esenciales, como el geraniol, eugenol y linalool, &hellip;<\/p>\n<p class=\"read-more\"> <a class=\"\" href=\"https:\/\/elguacamaya.com.uy\/index.php\/producto\/albahaca\/\"> <span class=\"screen-reader-text\">Albahaca<\/span> Leer m\u00e1s &raquo;<\/a><\/p>\n","protected":false},"featured_media":3675,"template":"","meta":{"site-sidebar-layout":"default","site-content-layout":"default","ast-global-header-display":"","ast-banner-title-visibility":"","ast-main-header-display":"","ast-hfb-above-header-display":"","ast-hfb-below-header-display":"","ast-hfb-mobile-header-display":"","site-post-title":"","ast-breadcrumbs-content":"","ast-featured-img":"","footer-sml-layout":"","theme-transparent-header-meta":"default","adv-header-id-meta":"","stick-header-meta":"","header-above-stick-meta":"","header-main-stick-meta":"","header-below-stick-meta":"","_joinchat":[]},"product_brand":[],"product_cat":[23,54],"product_tag":[],"class_list":{"0":"post-2927","1":"product","2":"type-product","3":"status-publish","4":"has-post-thumbnail","6":"product_cat-condimentos","7":"product_cat-productos-saludables-adu-acelu-y-organicos","8":"desktop-align-left","9":"tablet-align-left","10":"mobile-align-left","12":"first","13":"instock","14":"taxable","15":"shipping-taxable","16":"purchasable","17":"product-type-variable"},"_links":{"self":[{"href":"https:\/\/elguacamaya.com.uy\/index.php\/wp-json\/wp\/v2\/product\/2927","targetHints":{"allow":["GET"]}}],"collection":[{"href":"https:\/\/elguacamaya.com.uy\/index.php\/wp-json\/wp\/v2\/product"}],"about":[{"href":"https:\/\/elguacamaya.com.uy\/index.php\/wp-json\/wp\/v2\/types\/product"}],"version-history":[{"count":1,"href":"https:\/\/elguacamaya.com.uy\/index.php\/wp-json\/wp\/v2\/product\/2927\/revisions"}],"predecessor-version":[{"id":2934,"href":"https:\/\/elguacamaya.com.uy\/index.php\/wp-json\/wp\/v2\/product\/2927\/revisions\/2934"}],"wp:featuredmedia":[{"embeddable":true,"href":"https:\/\/elguacamaya.com.uy\/index.php\/wp-json\/wp\/v2\/media\/3675"}],"wp:attachment":[{"href":"https:\/\/elguacamaya.com.uy\/index.php\/wp-json\/wp\/v2\/media?parent=2927"}],"wp:term":[{"taxonomy":"product_brand","embeddable":true,"href":"https:\/\/elguacamaya.com.uy\/index.php\/wp-json\/wp\/v2\/product_brand?post=2927"},{"taxonomy":"product_cat","embeddable":true,"href":"https:\/\/elguacamaya.com.uy\/index.php\/wp-json\/wp\/v2\/product_cat?post=2927"},{"taxonomy":"product_tag","embeddable":true,"href":"https:\/\/elguacamaya.com.uy\/index.php\/wp-json\/wp\/v2\/product_tag?post=2927"}],"curies":[{"name":"wp","href":"https:\/\/api.w.org\/{rel}","templated":true}]}}