{"id":2675,"date":"2024-03-19T14:37:37","date_gmt":"2024-03-19T14:37:37","guid":{"rendered":"https:\/\/elguacamaya.com.uy\/?post_type=product&#038;p=2675"},"modified":"2024-03-19T14:37:38","modified_gmt":"2024-03-19T14:37:38","slug":"rocio-vegetal","status":"publish","type":"product","link":"https:\/\/elguacamaya.com.uy\/index.php\/producto\/rocio-vegetal\/","title":{"rendered":"Rocio vegetal"},"content":{"rendered":"<p><strong>Roc\u00edo Vegetal con aceite de Oliva Virgen<\/strong><br \/>\nEs un producto creado para que dosifiques la cantidad justa y logres comidas mucho m\u00e1s ricas, sanas y livianas. Viene en un pr\u00e1ctico envase y est\u00e1 hecho con el m\u00e1s fino aceite de oliva.<\/p>\n<p>Con \u00e9ste Roc\u00edo Vegetal tus comidas tendr\u00e1n un toque de sabor muy especial. Otro producto sano, liviano y pr\u00e1ctico de la familia Natura.<\/p>\n<p><strong>Producto libre de gluten<\/strong><br \/>\nQue todos podamos disfrutar es bien de familia.<\/p>\n<p>Todos los aceites Natura, adem\u00e1s de Mayonesa, Salsa Golf y K\u00e9tchup Natura, cuentan con certificaci\u00f3n de producto libre de Gluten, sin TACC, y est\u00e1n rotulados con el logo Apto para Cel\u00edacos para facilitar su identificaci\u00f3n. Estas medidas forman parte de una pol\u00edtica de calidad en nuestros procesos productivos que garantiza controles peri\u00f3dicos y establece normas a proveedores con el objetivo de abastecer correctamente a la comunidad cel\u00edaca<\/p>\n","protected":false},"excerpt":{"rendered":"<p>120gr<\/p>\n","protected":false},"featured_media":2677,"template":"","meta":{"site-sidebar-layout":"default","site-content-layout":"default","ast-global-header-display":"","ast-banner-title-visibility":"","ast-main-header-display":"","ast-hfb-above-header-display":"","ast-hfb-below-header-display":"","ast-hfb-mobile-header-display":"","site-post-title":"","ast-breadcrumbs-content":"","ast-featured-img":"","footer-sml-layout":"","theme-transparent-header-meta":"default","adv-header-id-meta":"","stick-header-meta":"","header-above-stick-meta":"","header-main-stick-meta":"","header-below-stick-meta":"","_joinchat":[]},"product_brand":[],"product_cat":[87,54],"product_tag":[],"class_list":{"0":"post-2675","1":"product","2":"type-product","3":"status-publish","4":"has-post-thumbnail","6":"product_cat-liquidos","7":"product_cat-productos-saludables-adu-acelu-y-organicos","8":"desktop-align-left","9":"tablet-align-left","10":"mobile-align-left","12":"first","13":"instock","14":"taxable","15":"shipping-taxable","16":"purchasable","17":"product-type-simple"},"_links":{"self":[{"href":"https:\/\/elguacamaya.com.uy\/index.php\/wp-json\/wp\/v2\/product\/2675","targetHints":{"allow":["GET"]}}],"collection":[{"href":"https:\/\/elguacamaya.com.uy\/index.php\/wp-json\/wp\/v2\/product"}],"about":[{"href":"https:\/\/elguacamaya.com.uy\/index.php\/wp-json\/wp\/v2\/types\/product"}],"version-history":[{"count":1,"href":"https:\/\/elguacamaya.com.uy\/index.php\/wp-json\/wp\/v2\/product\/2675\/revisions"}],"predecessor-version":[{"id":2678,"href":"https:\/\/elguacamaya.com.uy\/index.php\/wp-json\/wp\/v2\/product\/2675\/revisions\/2678"}],"wp:featuredmedia":[{"embeddable":true,"href":"https:\/\/elguacamaya.com.uy\/index.php\/wp-json\/wp\/v2\/media\/2677"}],"wp:attachment":[{"href":"https:\/\/elguacamaya.com.uy\/index.php\/wp-json\/wp\/v2\/media?parent=2675"}],"wp:term":[{"taxonomy":"product_brand","embeddable":true,"href":"https:\/\/elguacamaya.com.uy\/index.php\/wp-json\/wp\/v2\/product_brand?post=2675"},{"taxonomy":"product_cat","embeddable":true,"href":"https:\/\/elguacamaya.com.uy\/index.php\/wp-json\/wp\/v2\/product_cat?post=2675"},{"taxonomy":"product_tag","embeddable":true,"href":"https:\/\/elguacamaya.com.uy\/index.php\/wp-json\/wp\/v2\/product_tag?post=2675"}],"curies":[{"name":"wp","href":"https:\/\/api.w.org\/{rel}","templated":true}]}}