{"id":2335,"date":"2022-06-21T14:11:52","date_gmt":"2022-06-21T14:11:52","guid":{"rendered":"https:\/\/elguacamaya.com.uy\/?post_type=product&#038;p=2335"},"modified":"2025-03-19T17:55:34","modified_gmt":"2025-03-19T17:55:34","slug":"pimenton-ahumado","status":"publish","type":"product","link":"https:\/\/elguacamaya.com.uy\/index.php\/producto\/pimenton-ahumado\/","title":{"rendered":"Piment\u00f3n ahumado"},"content":{"rendered":"<p>El Piment\u00f3n\u00a0<strong>ahumado<\/strong>\u00a0es una especia muy vers\u00e1til\u00a0que\u00a0puede usarse de muchas formas en la cocina aportando color y un sabor singular\u00a0que\u00a0revela no s\u00f3lo las cualidades del\u00a0pimiento, sino el gran trabajo tradicional llevado a cabo para hacer relucir todos sus sabores.<\/p>\n<h6>\u00a0Descubriendo los\u00a0usos del Piment\u00f3n<\/h6>\n<ul>\n<li><strong>Condimentar\u00a0 carnes y embutidos: \u00e9<\/strong>sta especia es perfecta para condimentar todo tipo de carnes y para la preparaci\u00f3n de embutidos de chorizo. Su sabor se equilibra con otros como el tomillo, el ajo, la pimienta y albahaca. Si empleas usualmente dichos ingredientes para tus comidas, entonces el Piment\u00f3n dar\u00e1 un extra de sabor.<\/li>\n<li><strong>Papas:<\/strong>quiz\u00e1s uno de los usos m\u00e1s deliciosos es con papas. Otras opciones pueden ser papas con queso derretido y Piment\u00f3n El Guacamaya<\/li>\n<li><strong>Sofritos con sabor ahumado: <\/strong>este Piment\u00f3n puede dar a cualquier sofrito destinado a guisos de verduras, carnes o estofados un sabor ahumado. Tambi\u00e9n en preparaciones para sopas o pastas. La forma correcta de usarlo es al final del tiempo de cocci\u00f3n evitando que se fr\u00eda para que no se torne amargo.<\/li>\n<li><strong>Espolvoreado sobre verduras cocidas: <\/strong>con solo espolvorear un poco sobre un toque de aceite de oliva cualquier vegetal tendr\u00e1 un sabor de delicioso ahumado. Tambi\u00e9n, puedes usarlo en la cocci\u00f3n de legumbres, lentejas y garbanzos.<\/li>\n<\/ul>\n<p>&nbsp;<\/p>\n<p>&nbsp;<\/p>\n","protected":false},"excerpt":{"rendered":"<p>El Piment\u00f3n\u00a0ahumado\u00a0es una especia muy vers\u00e1til\u00a0que\u00a0puede usarse de muchas formas en la cocina aportando color y un sabor singular\u00a0que\u00a0revela no s\u00f3lo las cualidades del\u00a0pimiento, sino el gran trabajo tradicional llevado a cabo para hacer relucir todos sus sabores. \u00a0Descubriendo los\u00a0usos del Piment\u00f3n Condimentar\u00a0 carnes y embutidos: \u00e9sta especia es perfecta para condimentar todo tipo de &hellip;<\/p>\n<p class=\"read-more\"> <a class=\"\" href=\"https:\/\/elguacamaya.com.uy\/index.php\/producto\/pimenton-ahumado\/\"> <span class=\"screen-reader-text\">Piment\u00f3n ahumado<\/span> Leer m\u00e1s &raquo;<\/a><\/p>\n","protected":false},"featured_media":3732,"template":"","meta":{"site-sidebar-layout":"default","site-content-layout":"default","ast-global-header-display":"","ast-banner-title-visibility":"","ast-main-header-display":"","ast-hfb-above-header-display":"","ast-hfb-below-header-display":"","ast-hfb-mobile-header-display":"","site-post-title":"","ast-breadcrumbs-content":"","ast-featured-img":"","footer-sml-layout":"","theme-transparent-header-meta":"default","adv-header-id-meta":"","stick-header-meta":"","header-above-stick-meta":"","header-main-stick-meta":"","header-below-stick-meta":"","_joinchat":[]},"product_brand":[],"product_cat":[23],"product_tag":[],"class_list":{"0":"post-2335","1":"product","2":"type-product","3":"status-publish","4":"has-post-thumbnail","6":"product_cat-condimentos","7":"desktop-align-left","8":"tablet-align-left","9":"mobile-align-left","11":"first","12":"instock","13":"taxable","14":"shipping-taxable","15":"purchasable","16":"product-type-variable"},"_links":{"self":[{"href":"https:\/\/elguacamaya.com.uy\/index.php\/wp-json\/wp\/v2\/product\/2335","targetHints":{"allow":["GET"]}}],"collection":[{"href":"https:\/\/elguacamaya.com.uy\/index.php\/wp-json\/wp\/v2\/product"}],"about":[{"href":"https:\/\/elguacamaya.com.uy\/index.php\/wp-json\/wp\/v2\/types\/product"}],"version-history":[{"count":1,"href":"https:\/\/elguacamaya.com.uy\/index.php\/wp-json\/wp\/v2\/product\/2335\/revisions"}],"predecessor-version":[{"id":2340,"href":"https:\/\/elguacamaya.com.uy\/index.php\/wp-json\/wp\/v2\/product\/2335\/revisions\/2340"}],"wp:featuredmedia":[{"embeddable":true,"href":"https:\/\/elguacamaya.com.uy\/index.php\/wp-json\/wp\/v2\/media\/3732"}],"wp:attachment":[{"href":"https:\/\/elguacamaya.com.uy\/index.php\/wp-json\/wp\/v2\/media?parent=2335"}],"wp:term":[{"taxonomy":"product_brand","embeddable":true,"href":"https:\/\/elguacamaya.com.uy\/index.php\/wp-json\/wp\/v2\/product_brand?post=2335"},{"taxonomy":"product_cat","embeddable":true,"href":"https:\/\/elguacamaya.com.uy\/index.php\/wp-json\/wp\/v2\/product_cat?post=2335"},{"taxonomy":"product_tag","embeddable":true,"href":"https:\/\/elguacamaya.com.uy\/index.php\/wp-json\/wp\/v2\/product_tag?post=2335"}],"curies":[{"name":"wp","href":"https:\/\/api.w.org\/{rel}","templated":true}]}}