{"id":1200,"date":"2022-04-21T12:38:41","date_gmt":"2022-04-21T12:38:41","guid":{"rendered":"https:\/\/elguacamaya.com.uy\/?post_type=product&#038;p=1200"},"modified":"2025-05-24T13:43:10","modified_gmt":"2025-05-24T13:43:10","slug":"curcuma","status":"publish","type":"product","link":"https:\/\/elguacamaya.com.uy\/index.php\/producto\/curcuma\/","title":{"rendered":"C\u00farcuma"},"content":{"rendered":"<p>Beneficios:<br \/>\nAntioxidante, antiinflamatoria, antiviral, antibacteriana, antif\u00fangica, y contra el c\u00e1ncer. Por lo tanto tiene un potencial contra diversas enfermedades como diabetes, alergias, artritis, enfermedad de Alzheimer y otras enfermedades cr\u00f3nicas\u201d. Incluye nutrientes saludables como: prote\u00ednas, fibra diet\u00e9tica,vitaminas C, E y K, sodio, potasio, calcio, cobre, hierro, magnesio.<\/p>\n<ul>\n<li>Mejora la digesti\u00f3n<\/li>\n<li>Facilita la p\u00e9rdida de peso<\/li>\n<li>Regula la flora intestinal<\/li>\n<li>Fortalece el sistema inmune<\/li>\n<\/ul>\n<p>&nbsp;<\/p>\n","protected":false},"excerpt":{"rendered":"<p>Beneficios: Antioxidante, antiinflamatoria, antiviral, antibacteriana, antif\u00fangica, y contra el c\u00e1ncer. Por lo tanto tiene un potencial contra diversas enfermedades como diabetes, alergias, artritis, enfermedad de Alzheimer y otras enfermedades cr\u00f3nicas\u201d. Incluye nutrientes saludables como: prote\u00ednas, fibra diet\u00e9tica,vitaminas C, E y K, sodio, potasio, calcio, cobre, hierro, magnesio. Mejora la digesti\u00f3n Facilita la p\u00e9rdida de peso &hellip;<\/p>\n<p class=\"read-more\"> <a class=\"\" href=\"https:\/\/elguacamaya.com.uy\/index.php\/producto\/curcuma\/\"> <span class=\"screen-reader-text\">C\u00farcuma<\/span> Leer m\u00e1s &raquo;<\/a><\/p>\n","protected":false},"featured_media":4317,"template":"","meta":{"site-sidebar-layout":"default","site-content-layout":"default","ast-global-header-display":"","ast-banner-title-visibility":"","ast-main-header-display":"","ast-hfb-above-header-display":"","ast-hfb-below-header-display":"","ast-hfb-mobile-header-display":"","site-post-title":"","ast-breadcrumbs-content":"","ast-featured-img":"","footer-sml-layout":"","theme-transparent-header-meta":"default","adv-header-id-meta":"","stick-header-meta":"","header-above-stick-meta":"","header-main-stick-meta":"","header-below-stick-meta":"","_joinchat":[]},"product_brand":[],"product_cat":[23],"product_tag":[],"class_list":{"0":"post-1200","1":"product","2":"type-product","3":"status-publish","4":"has-post-thumbnail","6":"product_cat-condimentos","7":"desktop-align-left","8":"tablet-align-left","9":"mobile-align-left","11":"first","12":"instock","13":"taxable","14":"shipping-taxable","15":"purchasable","16":"product-type-variable"},"_links":{"self":[{"href":"https:\/\/elguacamaya.com.uy\/index.php\/wp-json\/wp\/v2\/product\/1200","targetHints":{"allow":["GET"]}}],"collection":[{"href":"https:\/\/elguacamaya.com.uy\/index.php\/wp-json\/wp\/v2\/product"}],"about":[{"href":"https:\/\/elguacamaya.com.uy\/index.php\/wp-json\/wp\/v2\/types\/product"}],"version-history":[{"count":3,"href":"https:\/\/elguacamaya.com.uy\/index.php\/wp-json\/wp\/v2\/product\/1200\/revisions"}],"predecessor-version":[{"id":3737,"href":"https:\/\/elguacamaya.com.uy\/index.php\/wp-json\/wp\/v2\/product\/1200\/revisions\/3737"}],"wp:featuredmedia":[{"embeddable":true,"href":"https:\/\/elguacamaya.com.uy\/index.php\/wp-json\/wp\/v2\/media\/4317"}],"wp:attachment":[{"href":"https:\/\/elguacamaya.com.uy\/index.php\/wp-json\/wp\/v2\/media?parent=1200"}],"wp:term":[{"taxonomy":"product_brand","embeddable":true,"href":"https:\/\/elguacamaya.com.uy\/index.php\/wp-json\/wp\/v2\/product_brand?post=1200"},{"taxonomy":"product_cat","embeddable":true,"href":"https:\/\/elguacamaya.com.uy\/index.php\/wp-json\/wp\/v2\/product_cat?post=1200"},{"taxonomy":"product_tag","embeddable":true,"href":"https:\/\/elguacamaya.com.uy\/index.php\/wp-json\/wp\/v2\/product_tag?post=1200"}],"curies":[{"name":"wp","href":"https:\/\/api.w.org\/{rel}","templated":true}]}}