{"id":1089,"date":"2021-10-20T17:19:10","date_gmt":"2021-10-20T17:19:10","guid":{"rendered":"https:\/\/elguacamaya.com.uy\/?post_type=product&#038;p=1089"},"modified":"2025-02-21T14:46:02","modified_gmt":"2025-02-21T14:46:02","slug":"pimenton","status":"publish","type":"product","link":"https:\/\/elguacamaya.com.uy\/index.php\/producto\/pimenton\/","title":{"rendered":"Piment\u00f3n"},"content":{"rendered":"<p>El piment\u00f3n es un condimento en polvo de color rojo que se obtiene del secado y molido de determinadas<br \/>\nvariedades del fruto de las plantas del g\u00e9nero Capsicum, es decir, de los pimientos rojos o chiles.<\/p>\n<p>Beneficios:<br \/>\nAlgunos estudios apuntan que consumir piment\u00f3n tiene efectos antioxidantes, anticancer\u00edgenos y que<br \/>\nincluso ayuda a bajar el colesterol. Adem\u00e1s, su ingesta estimula los receptores de calor y el dolor, y hace que la irrigaci\u00f3n sangu\u00ednea sea m\u00e1s intensa.<\/p>\n","protected":false},"excerpt":{"rendered":"<p>El piment\u00f3n es un condimento en polvo de color rojo que se obtiene del secado y molido de determinadas variedades del fruto de las plantas del g\u00e9nero Capsicum, es decir, de los pimientos rojos o chiles. Beneficios: Algunos estudios apuntan que consumir piment\u00f3n tiene efectos antioxidantes, anticancer\u00edgenos y que incluso ayuda a bajar el colesterol. &hellip;<\/p>\n<p class=\"read-more\"> <a class=\"\" href=\"https:\/\/elguacamaya.com.uy\/index.php\/producto\/pimenton\/\"> <span class=\"screen-reader-text\">Piment\u00f3n<\/span> Leer m\u00e1s &raquo;<\/a><\/p>\n","protected":false},"featured_media":3793,"template":"","meta":{"site-sidebar-layout":"default","site-content-layout":"default","ast-global-header-display":"","ast-banner-title-visibility":"","ast-main-header-display":"","ast-hfb-above-header-display":"","ast-hfb-below-header-display":"","ast-hfb-mobile-header-display":"","site-post-title":"","ast-breadcrumbs-content":"","ast-featured-img":"","footer-sml-layout":"","theme-transparent-header-meta":"default","adv-header-id-meta":"","stick-header-meta":"","header-above-stick-meta":"","header-main-stick-meta":"","header-below-stick-meta":"","_joinchat":[]},"product_brand":[],"product_cat":[23],"product_tag":[],"class_list":{"0":"post-1089","1":"product","2":"type-product","3":"status-publish","4":"has-post-thumbnail","6":"product_cat-condimentos","7":"desktop-align-left","8":"tablet-align-left","9":"mobile-align-left","11":"first","12":"instock","13":"taxable","14":"shipping-taxable","15":"purchasable","16":"product-type-variable"},"_links":{"self":[{"href":"https:\/\/elguacamaya.com.uy\/index.php\/wp-json\/wp\/v2\/product\/1089","targetHints":{"allow":["GET"]}}],"collection":[{"href":"https:\/\/elguacamaya.com.uy\/index.php\/wp-json\/wp\/v2\/product"}],"about":[{"href":"https:\/\/elguacamaya.com.uy\/index.php\/wp-json\/wp\/v2\/types\/product"}],"version-history":[{"count":2,"href":"https:\/\/elguacamaya.com.uy\/index.php\/wp-json\/wp\/v2\/product\/1089\/revisions"}],"predecessor-version":[{"id":1517,"href":"https:\/\/elguacamaya.com.uy\/index.php\/wp-json\/wp\/v2\/product\/1089\/revisions\/1517"}],"wp:featuredmedia":[{"embeddable":true,"href":"https:\/\/elguacamaya.com.uy\/index.php\/wp-json\/wp\/v2\/media\/3793"}],"wp:attachment":[{"href":"https:\/\/elguacamaya.com.uy\/index.php\/wp-json\/wp\/v2\/media?parent=1089"}],"wp:term":[{"taxonomy":"product_brand","embeddable":true,"href":"https:\/\/elguacamaya.com.uy\/index.php\/wp-json\/wp\/v2\/product_brand?post=1089"},{"taxonomy":"product_cat","embeddable":true,"href":"https:\/\/elguacamaya.com.uy\/index.php\/wp-json\/wp\/v2\/product_cat?post=1089"},{"taxonomy":"product_tag","embeddable":true,"href":"https:\/\/elguacamaya.com.uy\/index.php\/wp-json\/wp\/v2\/product_tag?post=1089"}],"curies":[{"name":"wp","href":"https:\/\/api.w.org\/{rel}","templated":true}]}}