{"id":1037,"date":"2021-10-13T12:36:49","date_gmt":"2021-10-13T12:36:49","guid":{"rendered":"https:\/\/elguacamaya.com.uy\/?post_type=product&#038;p=1037"},"modified":"2025-06-23T13:49:14","modified_gmt":"2025-06-23T13:49:14","slug":"bayas-de-goji","status":"publish","type":"product","link":"https:\/\/elguacamaya.com.uy\/index.php\/producto\/bayas-de-goji\/","title":{"rendered":"Bayas de goji"},"content":{"rendered":"<p><strong>Beneficios:<\/strong><\/p>\n<p>Las bayas de goji son consideradas un alimento de la longevidad en la medicina china. Son altas en prote\u00ednas porque contienen todos lo amino\u00e1cidos esenciales, asi como grandes cantidades de fibra y de potasio. Son ricas en calcio, zinc, vitamina C y vitamina B1.<br \/>\nSu alto contenido de antioxidantes ayuda a mejorar la vista y a proteger degeneraciones neurol\u00f3gicas como el Alzheimer. Tambi\u00e9n mejora el sistema inmunol\u00f3gico y las funciones cardiovasculares<\/p>\n<p><strong>\u00bfC\u00f3mo usarla?<\/strong><\/p>\n<p>50g de bayas aportan 160 calor\u00edas y 7 gramos de prote\u00edna. Se recomienda comer entre 30g o 40g al d\u00eda, aproximadamente serian 2 cucharadas soperas. Se pueden agregar al yogurt o combinar con otros frutos secos.<\/p>\n","protected":false},"excerpt":{"rendered":"<p>Beneficios: Las bayas de goji son consideradas un alimento de la longevidad en la medicina china. Son altas en prote\u00ednas porque contienen todos lo amino\u00e1cidos esenciales, asi como grandes cantidades de fibra y de potasio. Son ricas en calcio, zinc, vitamina C y vitamina B1. Su alto contenido de antioxidantes ayuda a mejorar la vista &hellip;<\/p>\n<p class=\"read-more\"> <a class=\"\" href=\"https:\/\/elguacamaya.com.uy\/index.php\/producto\/bayas-de-goji\/\"> <span class=\"screen-reader-text\">Bayas de goji<\/span> Leer m\u00e1s &raquo;<\/a><\/p>\n","protected":false},"featured_media":1417,"template":"","meta":{"site-sidebar-layout":"default","site-content-layout":"default","ast-global-header-display":"","ast-banner-title-visibility":"","ast-main-header-display":"","ast-hfb-above-header-display":"","ast-hfb-below-header-display":"","ast-hfb-mobile-header-display":"","site-post-title":"","ast-breadcrumbs-content":"","ast-featured-img":"","footer-sml-layout":"","theme-transparent-header-meta":"default","adv-header-id-meta":"","stick-header-meta":"","header-above-stick-meta":"","header-main-stick-meta":"","header-below-stick-meta":"","_joinchat":[]},"product_brand":[],"product_cat":[36],"product_tag":[],"class_list":{"0":"post-1037","1":"product","2":"type-product","3":"status-publish","4":"has-post-thumbnail","6":"product_cat-frutas-secos-y-deshidratados","7":"desktop-align-left","8":"tablet-align-left","9":"mobile-align-left","11":"first","12":"instock","13":"taxable","14":"shipping-taxable","15":"purchasable","16":"product-type-variable"},"_links":{"self":[{"href":"https:\/\/elguacamaya.com.uy\/index.php\/wp-json\/wp\/v2\/product\/1037","targetHints":{"allow":["GET"]}}],"collection":[{"href":"https:\/\/elguacamaya.com.uy\/index.php\/wp-json\/wp\/v2\/product"}],"about":[{"href":"https:\/\/elguacamaya.com.uy\/index.php\/wp-json\/wp\/v2\/types\/product"}],"version-history":[{"count":5,"href":"https:\/\/elguacamaya.com.uy\/index.php\/wp-json\/wp\/v2\/product\/1037\/revisions"}],"predecessor-version":[{"id":4411,"href":"https:\/\/elguacamaya.com.uy\/index.php\/wp-json\/wp\/v2\/product\/1037\/revisions\/4411"}],"wp:featuredmedia":[{"embeddable":true,"href":"https:\/\/elguacamaya.com.uy\/index.php\/wp-json\/wp\/v2\/media\/1417"}],"wp:attachment":[{"href":"https:\/\/elguacamaya.com.uy\/index.php\/wp-json\/wp\/v2\/media?parent=1037"}],"wp:term":[{"taxonomy":"product_brand","embeddable":true,"href":"https:\/\/elguacamaya.com.uy\/index.php\/wp-json\/wp\/v2\/product_brand?post=1037"},{"taxonomy":"product_cat","embeddable":true,"href":"https:\/\/elguacamaya.com.uy\/index.php\/wp-json\/wp\/v2\/product_cat?post=1037"},{"taxonomy":"product_tag","embeddable":true,"href":"https:\/\/elguacamaya.com.uy\/index.php\/wp-json\/wp\/v2\/product_tag?post=1037"}],"curies":[{"name":"wp","href":"https:\/\/api.w.org\/{rel}","templated":true}]}}